- 5 + 10*p**2 - p**3 - 9*p. Let i(r) = r**3 - 7*r**2 - 6*r - 7. Let h = 11 + -3. Let a be i(h). Determine x(a).
-5
Let f(w) = -562 - 578 - 3*w - 574 + 1672. Calculate f(-19).
15
Let n(j) be the second derivative of j**3/3 + 2*j**2 + j + 39. Suppose -4*u = w - 0*w, u = -5*w + 57. Let b = w - 19. Determine n(b).
-10
Let p(b) be the second derivative of -5*b**4/12 - 5*b**3/6 + 2*b**2 + 2293*b. Determine p(-5).
-96
Suppose y - y = -5*y. Let r(x) be the third derivative of 16*x**2 - 1/24*x**4 + 0 + 0*x + 7/6*x**3. Determine r(y).
7
Let m(f) be the first derivative of -4/3*f**3 - 12*f + 14 + 3*f**2 + 7/12*f**4 - 1/20*f**5. Let i(d) be the first derivative of m(d). Calculate i(6).
-6
Let u(n) = -7*n - 1. Let l(a) = 4*a + 9*a + 2*a - 4*a. Let b(z) = -5*l(z) - 8*u(z). Calculate b(-8).
0
Let n(x) = 13*x + 10. Let c(s) = 3*s**3 + 232*s**2 - 147*s + 702. Let y be c(-78). Determine n(y).
10
Let r(h) = -3*h**3 + 9*h**2 + 11*h - 1. Let s be r(-1). Let g(y) = -y + 25. Determine g(s).
25
Let b(v) = 5*v - 314. Let i(d) = -2*d + 79. Let s(w) = -3*b(w) - 11*i(w). Determine s(-9).
10
Let y(h) = -h - 19. Let t = 253 - 247. What is y(t)?
-25
Let z(m) be the first derivative of -3*m**2/2 - 6*m + 614. Give z(-5).
9
Let r(l) = -l + 12. Let j = -5675 + 5697. Calculate r(j).
-10
Let c(i) = -i**3 + 8*i**2 - 18*i - 3. Let m = -9247 + 9254. Determine c(m).
-80
Let s(v) be the third derivative of -7*v**4/8 - 2*v**3/3 - 3868*v**2. What is s(1)?
-25
Let g(n) = n**3 + n**2 + 3*n. Let m be g(0). Let p(w) be the third derivative of m*w - 1/60*w**5 + 5/6*w**3 - 12*w**2 + 0 + 5/24*w**4. Calculate p(7).
-9
Suppose 3*t = -2*k + 33, -6*k + 2*k - 3*t = -51. Let q(x) be the first derivative of -x**3/3 + 3*x**2 + 21*x - 8413. Determine q(k).
-6
Let l = 21 + -18. Suppose -t + 4 = -l. Let h(y) be the second derivative of y**3/3 + 3*y**2/2 + 40*y + 3. What is h(t)?
17
Let p be (1 - 0)/((-16)/1008). Let z = p - -90. Let h = z + -23. Let q(d) = -d**2 + 4*d - 1. Give q(h).
-1
Let g = -226 - -219. Let u(z) = 16*z**2 + 36*z - 33*z**2 + 18*z**2 - 25*z. Calculate u(g).
-28
Let x(r) = 42*r - 2. Suppose 27 + 34 = -61*o. What is x(o)?
-44
Let r(x) = -3*x + 7. Let i be 3 + (-1 + 11 + -2)/(-2). Let u(g) = -g + 2. Let o(w) = i*r(w) + 2*u(w). Calculate o(2).
-1
Let p(n) be the second derivative of -n**4/4 - 11*n**3/3 - 25*n**2/2 + 37*n. Let j be p(-5). Let y(o) = -o**2 + 12*o - 14. What is y(j)?
6
Suppose 1531*o - 1513*o = 0. Let l(w) be the second derivative of 1/12*w**4 + o - 14*w + 5/3*w**3 - 5/2*w**2. Calculate l(-10).
-5
Suppose -9*r = -8*r + 8. Let x be (0 - -12)/(-4) - r. Let v(u) = -x - 3*u + 1 + 0 + 2*u. Give v(-6).
2
Suppose 901 = -10*l + 1011. Let a(n) = -n + 5. Determine a(l).
-6
Let n be (-1 + 48)/(22/66) - -3. Let k be 50/(-425) + n/68. Let l(i) be the third derivative of -i**4/12 + i**3/2 + i**2. Give l(k).
-1
Let c(z) = z**3 - 4*z**2 + 6. Let y(q) = -2*q**2 - 6*q + 4. Let t be y(-3). Let a be c(t). Let b(m) = -3*m + 15. Determine b(a).
-3
Let c(u) = -4*u**3 + 8*u**2 - 7*u - 5. Let s(x) = x**3 + x**2 - x + 2. Let i(w) = -2*w**2 + 18*w - 1. Let v be i(9). Let b(z) = v*c(z) - 3*s(z). Give b(10).
-1
Suppose -5*f + 25 = -x, 4*f - x + 14 = 34. Let a(k) = -k**3 - k - k**3 + 6 - k - 4*k**2 + 3*k**3. Give a(f).
21
Let a(m) be the third derivative of m**5/120 + 5*m**4/12 + 28*m**3/3 + 8*m**2. Let q(h) be the first derivative of a(h). Calculate q(0).
10
Suppose -4*i = -4*a + 1876, i = -2*i - 12. Let v(f) = 6 + 10*f - a*f**3 - 5*f + 464*f**3 - 4*f**2. Suppose 15*z + 20 = -55. Calculate v(z).
6
Suppose 3*w - 39 = 3*g, 22*w = 24*w + 3*g - 21. Let u(h) = -3*h + 41. Give u(w).
5
Suppose 15*w - 13*w + 12 = 0, 3*x - w = 66. Let i(n) = n**2 - 10*n - 205. Calculate i(x).
-5
Let q be (0 - -1)/((-12)/(-156)). Let d = q + -7. Suppose 6*s + 0 = -d. Let f(g) = 4*g**3 - 2*g - 1. Give f(s).
-3
Let n be (17 + -17)*3/((-9)/(-3)). Let d(i) = n + 4 + 2 + 8 + i - 6. What is d(-8)?
0
Let u(k) = 8*k + 253. Let y be u(-32). Let s(v) = v - 8 + 2*v**2 + 6 + 0*v**2 + 2*v. Calculate s(y).
7
Let z(a) be the first derivative of a**4/12 + a**3 + 4*a**2 - 56*a - 45. Let d(t) be the first derivative of z(t). Calculate d(-6).
8
Let f = 19 - 46. Let k = f + 29. Let v(h) = -10*h**2 + 11*h**2 - h + h + 1. Give v(k).
5
Let t = -76 - -78. Let q(v) = 24987 - 4*v + 5*v - 24979 + t*v**3 - v**3. What is q(0)?
8
Let r be (-126)/(-4)*(-6)/(-9). Suppose -2*o - 5*o + r = 0. Let q(f) = o + 13*f - 8 + f**3 + 9*f - 23*f. Give q(0).
-5
Let k(s) be the third derivative of -s**6/120 + 13*s**5/30 - 5*s**3/3 + 3*s**2 + 9*s. Give k(26).
-10
Let q(l) be the first derivative of l - 1/3*l**3 - 97 + 0*l**2. Calculate q(2).
-3
Let x be (-10)/(-5)*(-14)/(-4). Let m(j) = -x*j**2 + 5*j**2 - j**2 - 3 + 2. Suppose 5*f = 2*t + t - 4, f - 5*t = -14. Calculate m(f).
-4
Let d(v) = 7*v**2 + v. Let b be d(-1). Suppose -c + 11 = 2*i, -i - 12*c + 7*c + 1 = 0. Let u(a) = a**3 + a - a - 1098*a**2 + 1092*a**2 + i. What is u(b)?
6
Let b be 1*(12 - -1) + -1. Let x = -971 - -991. Let a(l) = -12*l - b*l + 2 + 41*l - x*l. What is a(6)?
-16
Let x(p) = -p**3 - 3*p**2 - 1. Let h(o) = 5*o**3 + 27*o**2 + 20*o + 22. Let t(n) = h(n) + 6*x(n). Calculate t(11).
-6
Suppose -23*a + 14*a = 18. Let i be -1 + (a - (-4 - -7)). Let d(b) = -b**2 - 6*b - 5. Calculate d(i).
-5
Let v(j) = j**2 + 10*j + 16. Let d(x) = -x**2 - 45*x - 475. Let c be d(-29). Calculate v(c).
27
Let b = -215 + 219. Suppose 4 = -4*l + b*k, 46*k = -4*l + 45*k - 9. Let r(n) = -4 - 1 + 2 - 5*n. Give r(l).
7
Let k(z) = 2*z**2 - 24*z - 3. Let j be k(12). Let g(p) = 1 - 3 + 18*p - 1 - 12*p - 12*p. What is g(j)?
15
Let m(n) = -3*n**3 - n**2 - 5*n - 9. Let t(z) = -3*z**2 - z**3 - 4*z**2 + 6*z**2 - z - 2. Let p(y) = m(y) - 4*t(y). Calculate p(-2).
5
Suppose -8 = -2*j - 4*i, j - 7 = i - 6. Let w(k) = 3 + k**3 - 2 - 3 + k**j - 5*k**2. Suppose 3*o - 2*o - 3 = 0. Determine w(o).
-11
Let n(g) = -g**2 - 3*g + 9. Let z be n(-4). Let s(u) = -37*u**3 - 2*u**2 + 7. Let q(l) = -36*l**3 - 2*l**2 + 6. Let y(f) = z*s(f) - 6*q(f). What is y(-1)?
-30
Suppose -38*d - 3*y = -33*d - 47, -2*d = y - 18. Let g(k) = -k**3 + 10*k**2 - 17*k - 2. What is g(d)?
26
Suppose -14*s = -10*s - 36. Let m = -7 + s. Let a be 0/(3 + (-1 - 8/m)). Let w(b) = b - 1. What is w(a)?
-1
Suppose 4*u + 24 = 8*u. Let l be u/16 + 2489/(-152). Let p(v) = v**3 + 17*v**2 + 16*v - 4. What is p(l)?
-4
Suppose 4*y - 10 = -o - y, -5*y - 10 = -3*o. Suppose b = 3, 0 = o*z + b + 2*b - 9. Let t(n) = -n**2 - 1. Determine t(z).
-1
Let l(x) be the first derivative of -x**4/4 + x**3 + 9*x**2 + 11*x + 1546. Give l(6).
11
Let b(k) be the first derivative of -k**3/3 - 10*k**2 - 53*k + 2132. Determine b(-19).
-34
Suppose 2*a = 4*r - 2, -r + 3*a = 4*a - 8. Suppose r*m - 3*w + 12 = -2*m, -2*m + 2*w = 8. Suppose m = -0*i - i + 6. Let f(t) = t**2 - 6*t + 7. Give f(i).
7
Let d(h) be the second derivative of -h**5/60 + h**4/3 - 4*h**3/3 + 3*h**2/2 - 43*h. Let o(t) be the first derivative of d(t). What is o(7)?
-1
Suppose 598*j + 64 = 566*j. Let x(w) be the third derivative of w**6/360 - w**5/60 - w**4/4 + 4*w**2. Let q(h) be the second derivative of x(h). What is q(j)?
-6
Let h(g) = -g**3 + 14*g**2 - 6*g - 28. Let x = 24818 - 24805. What is h(x)?
63
Let r(w) be the second derivative of 49*w - 1 + 0*w**2 - 17/6*w**4 + 0*w**3. What is r(-1)?
-34
Let w(k) = 1 + 253*k + 55*k**2 - 239*k - 56*k**2. Calculate w(-6).
-119
Let i(f) be the first derivative of f**4/4 - 4*f**3 + 7*f**2 - 16*f - 32. Determine i(11).
17
Let o be 3 - (4/5)/((-4)/(-30)). Let f(n) = 6*n**2 + n - 1. Let u be f(-2). Let i(g) = g + g**2 - u*g**3 + 4 + 3*g**2 + 22*g**3. Give i(o).
10
Let r(q) = -8*q - 433. Let j be r(-54). Let m(i) = -i**2 - 32*i - 31. Determine m(j).
0
Suppose 0 = -5*l + 126 + 14. Let k(w) = -1 + w**2 - 7*w + l*w - 12*w - 11*w. Give k(2).
-1
Let i(r) = -11*r**3 - r. Let y(m) = m**3 + 10*m**2 + 10*m + 8. Let s be y(-9). Let h be i(s). Let z(a) = 5*a + a**2 + 21 - h + 0*a. Give z(-6).
15
Suppose 18 = 5*t + 22*t - 33*t. Let r(j) = 5*j + 28. Calculate r(t).
13
Let z(y) = 2*y + 51. Suppose 21*t + 15 + 148 = -68. Determine z(t).
29
Let t = -97 - -68. Let h = t + 32. Suppose h*a + 15 = 0, 2*a - a = -2*y - 3. Let c(x) = 4*x**2 - 1. What is c(y)?
3
Let r(b) = b**3 - 12*b**2 + b - 13. Let p(l) = -2*l**2 + 17*l + 16. Let h be p(9